= p*o - 18. Let y(n) = n**2 - 6*n + 9. What is the remainder when 26 is divided by y(o)?
8
Let k(h) = -h**2 + 44*h + 158. What is the remainder when 27 is divided by k(47)?
10
Suppose q + 20 = 3*o, -2*o = -6*o + 3*q + 35. Suppose 4*s + 165 = 177. Calculate the remainder when o is divided by s.
2
Suppose -7*g = -4*g - 6. Suppose 0 = 2*a + g*a + v - 41, -3*a = 2*v - 32. Suppose -2*b + a = -0*b. What is the remainder when b is divided by 4?
1
Suppose 3*t - 12 = -t, -4*b + 3*t = -231. Calculate the remainder when b is divided by (640/200)/((-2)/(-20)).
28
Let o(b) = 2*b**2 - 3*b - 1. Let l(y) be the third derivative of y**5/60 - 5*y**4/24 - y**3/6 + 3*y**2. Calculate the remainder when o(3) is divided by l(6).
3
Let o(m) = -m**2 + 7*m + 120. What is the remainder when 104 is divided by o(-7)?
16
Suppose 0 = -9*m - 208 + 460. What is the remainder when 220 is divided by m?
24
What is the remainder when (1059 - -12 - -11)/(0 + 2) is divided by 8?
5
Suppose -2*c + 2*j + 15 = -327, -2*j = 2*c - 354. Suppose 4*q - c = 2. Suppose -3*a + 1 - 10 = 0, 2*m - q = -2*a. What is the remainder when m is divided by 7?
4
Suppose 39 = -5*a + x + 195, -5*a + 3*x = -148. Calculate the remainder when 62 is divided by a.
30
Let n = -130 + 271. Calculate the remainder when n is divided by 53.
35
Let w(u) = 2*u**3 - u**2. Let v(z) = z**3 + 6*z**2 + 3*z + 12. Calculate the remainder when v(-5) is divided by w(2).
10
Calculate the remainder when (-105)/(-28)*2*26 is divided by 50.
45
Let q(u) = -u**3 - 14*u**2 - 26*u - 15. Let w be q(-12). Suppose -332 = 5*g - w*g. What is the remainder when g is divided by 29?
25
Suppose 0*w - 58 = -2*w - 2*g, 122 = 4*w - 2*g. Let c = -213 + 301. What is the remainder when c is divided by w?
28
Let t = -20 + 23. Suppose 4*n + 44 = -t*c, n + 22 = -n - 4*c. What is the remainder when 9 is divided by -2 - (3 + n + 1)?
4
Suppose -14*f + 2313 = -2461. Calculate the remainder when f is divided by 14.
5
Suppose 2*t - 14 = -n, 4*n + 4*t = 5*n + 16. Suppose -n*g - 35 = -203. Calculate the remainder when g is divided by 11.
9
Suppose -5*m + 54 = x, 3*m - 2*x + 48 = 7*m. Suppose m = p + 3. Calculate the remainder when 26 is divided by p.
5
Calculate the remainder when 1772/24 - (-4)/24 is divided by 20.
14
Suppose -5*w - 36 = -3*q, -2*q + 36 = 2*w - 4. What is the remainder when 404 is divided by q?
13
Calculate the remainder when 335 + 0 + -4 - (-12)/6 is divided by 28.
25
Let m = -1885 + 1948. Calculate the remainder when 234 is divided by m.
45
Suppose 0 = -14*z + 397 - 173. Calculate the remainder when 81 is divided by z.
1
Suppose -7*l + 4*w = -10*l + 468, 0 = 4*w. Calculate the remainder when l is divided by 50.
6
Let n = 102 + -71. Let z = n - 18. What is the remainder when 50 is divided by z?
11
Suppose 0 = 16*c - 10*c - 1134. Suppose 3*p - 192 = -3*p. What is the remainder when c is divided by p?
29
Suppose -2*r = 6*b - 4*b - 38, b - 31 = -4*r. Suppose 10*q = 5*q + 210. Calculate the remainder when q is divided by b.
12
Suppose 4*k = 14 - 6. Suppose k*w = -4*r + 7*w + 70, 0 = -2*r - 2*w + 44. What is the remainder when r is divided by 11?
9
Let b be 3*(2 + 16/(-6)). Let u = b + 11. Suppose y - u = -4*n, 0 = -5*y - 2*n + 105 - 24. What is the remainder when y is divided by 10?
7
Let w(f) = 2*f**2 - 10*f - 6. Let b be w(8). Suppose 0 = -g - g + b. Suppose -23 = -4*c + t, 0 = t - 0*t - 1. What is the remainder when g is divided by c?
3
Let s = 857 + -729. What is the remainder when s is divided by 35?
23
Let d(a) = -3*a - 1 - 42*a**2 + 85*a**2 - 42*a**2. Calculate the remainder when 101 is divided by d(-3).
16
Suppose -62 = -2*h - 20. Let n(j) be the third derivative of j**5/60 - 9*j**4/8 - 29*j**3/6 - 4*j**2 - 2*j. What is the remainder when n(30) is divided by h?
19
Let r(q) be the first derivative of -4*q**2 - 28*q + 44. Let s(i) = 4*i**2 - 2*i + 2. What is the remainder when s(2) is divided by r(-4)?
2
Suppose -4*v = -2*j - 638, 0 = 7*v - 5*v - 2*j - 320. Calculate the remainder when v is divided by 54.
51
Let b(f) = -3*f**2 + 3*f - 2. Let i be b(4). Suppose 6*n - x = 2*n - 92, 5*x + 24 = -2*n. Let a = n - i. Calculate the remainder when 44 is divided by a.
12
Let m be 1928/14 - (-4)/14. Let g = 201 - m. Suppose o + l = 15, 4*o - 100*l + 96*l - 68 = 0. Calculate the remainder when g is divided by o.
15
Suppose -34 = -d + 7. Suppose r = d - 28. Calculate the remainder when 61 is divided by r.
9
Suppose -o = 3*a - 228 - 155, -395 = -3*a + 2*o. Suppose -3*n = -3*q - q - 205, 2*n + 5*q - a = 0. What is the remainder when n is divided by 17?
16
Let s = 1469 - 1410. Calculate the remainder when 62 is divided by s.
3
Let r(a) = -a**3 - 3*a**2 + 18*a + 8. What is the remainder when r(-6) is divided by 4?
0
Let z = -5 + 7. Suppose z = -2*d + y, -5*d + 3*d + 14 = 3*y. What is the remainder when 95 is divided by -3*d - 135/(-5)?
23
Let s be (1/(-4))/((-2)/(-356))*-4. Let d = s - 123. What is the remainder when d is divided by 1/((-37)/19 - -2)?
17
Let l = 52 - 31. Let w = l - -8. Calculate the remainder when 83 is divided by w.
25
Let a = 82 - 80. Suppose -5*q = 0, -3*k + 2*k + 171 = a*q. What is the remainder when k is divided by 29?
26
Suppose 6 = -4*l + 2. What is the remainder when (9/2)/((-2)/(-52)) is divided by (32/80)/(l/(-60))?
21
Suppose 0 = j - 3*n - 14, -2*n - 1 + 3 = 5*j. What is the remainder when 4 is divided by j?
0
Let o = -36 + 43. Suppose -o*g - g + 880 = 0. Calculate the remainder when g is divided by 28.
26
What is the remainder when 7/((-148)/76 + 2) is divided by 17?
14
What is the remainder when 117 is divided by 1080/144*(-4)/(-3)?
7
Let g = 13 - -4. Let s = 1660 - 1612. Calculate the remainder when s is divided by g.
14
Let a(v) = 3*v**2 + 2*v + 1. Suppose 0 = 2*d + 2*p - 5*p - 27, 0 = 3*d - 2*p - 43. Suppose -5*g + 5 = d. What is the remainder when 53 is divided by a(g)?
8
Suppose 2*m + 0 - 6 = 0. Suppose -m*r + 110 = -88. What is the remainder when r is divided by 17?
15
Let l(z) = -2*z - 14. Let w be l(-8). Suppose w*k - k - 16 = 0. Calculate the remainder when 30 is divided by k.
14
Let w = 628 + -428. Calculate the remainder when w is divided by 26.
18
Let l be 3 + -1 - (0 - 1). Suppose -3*u - l*u + 18 = 0. Suppose -2*f - 53 = -u*k - 6*f, -3*f + 21 = k. What is the remainder when 43 is divided by k?
13
Let b = 25 + -5. Suppose 0 = 5*n - 3*f + 8, 5*n + 0 + 1 = -4*f. Calculate the remainder when n + (-1)/(1/(-60)) is divided by b.
19
Suppose 11*j = 292 - 6. What is the remainder when 179 is divided by j?
23
Suppose -3*j - 69 = -3*b - 6, -3*b - 6 = 0. Let c(i) = -i**2 - 19. Let h be c(0). Let g = h - j. What is the remainder when 19 is divided by g?
3
Suppose 2 = 2*f - 4*f - j, -5*f - 14 = -2*j. Calculate the remainder when 5/((-100)/52 - f) is divided by 14.
9
Let y(j) = 2*j + 8. Let z = -7 + 5. Let n be y(z). Suppose 90 = 4*o - o + n*t, -5*t + 121 = 4*o. Calculate the remainder when o is divided by 12.
10
Let d = -225 + 263. Let j = -22 + 42. What is the remainder when d is divided by j?
18
Let k = -32 - -76. Suppose f = -f + k. Suppose -y + f = y. Calculate the remainder when y is divided by 6.
5
Let v = -466 - -475. What is the remainder when 80 is divided by v?
8
Suppose 2*q + 6 = 0, -4*q - q + 455 = 5*f. Suppose 4*x - 7 = 5. Suppose o = x*o - f. What is the remainder when o is divided by 12?
11
Suppose a - 5*o = -1 + 8, -2*a + 4*o + 32 = 0. What is the remainder when 42 is divided by a?
20
Let r be (-1862)/3 + 4/6. Let i = 229 - 106. Calculate the remainder when i is divided by (r/(-40))/(1/2).
30
Let z(k) = 3*k**3 + 4*k**2 + 15*k - 77. Calculate the remainder when z(4) is divided by 42.
29
Let w(g) = 102*g - 1180. Let r(s) = 44*s**2 - s. What is the remainder when r(2) is divided by w(12)?
42
Let j(m) = -m**2 - 6*m + 3. Let g be j(-10). Let h = g - -44. What is the remainder when 18 is divided by h?
4
Let a = 328 + -276. What is the remainder when 112 is divided by a?
8
Suppose 5*p + 11*y - 6*y = 15, 5*y = 4*p - 3. Let q be 1/(-2) + 654/4. Suppose p*v = 17 + q. Calculate the remainder when v is divided by 23.
21
Let p(b) = -166*b - 11. Let u be p(-5). Suppose 0 = 17*y - 20*y + u. Calculate the remainder when y is divided by 46.
43
Let w = -421 - -625. What is the remainder when w is divided by 9?
6
Suppose 0 =